hen 4461270 is divided by 124?
122
Calculate the remainder when 63689 is divided by 15918.
17
Calculate the remainder when 158948 is divided by 39737.
0
What is the remainder when 364937 is divided by 19207?
4
What is the remainder when 88028 is divided by 53?
48
What is the remainder when 98299 is divided by 23?
20
Calculate the remainder when 1072 is divided by 718.
354
What is the remainder when 81486 is divided by 27150?
36
Calculate the remainder when 977407 is divided by 256.
255
Calculate the remainder when 83396 is divided by 16679.
1
What is the remainder when 162595 is divided by 19?
12
Calculate the remainder when 2563 is divided by 362.
29
What is the remainder when 322084 is divided by 137?
134
Calculate the remainder when 12857 is divided by 645.
602
Calculate the remainder when 50425 is divided by 25114.
197
Calculate the remainder when 416 is divided by 413.
3
What is the remainder when 8134 is divided by 2684?
82
Calculate the remainder when 799 is divided by 278.
243
What is the remainder when 597 is divided by 93?
39
Calculate the remainder when 336067 is divided by 28004.
19
What is the remainder when 40497 is divided by 10122?
9
Calculate the remainder when 10463 is divided by 949.
24
What is the remainder when 3315 is divided by 1079?
78
What is the remainder when 2098807 is divided by 22?
7
What is the remainder when 315 is divided by 97?
24
What is the remainder when 8330 is divided by 60?
50
Calculate the remainder when 2019 is divided by 74.
21
What is the remainder when 15888 is divided by 9?
3
Calculate the remainder when 589 is divided by 527.
62
What is the remainder when 4192163 is divided by 34?
31
What is the remainder when 20176 is divided by 69?
28
What is the remainder when 553318 is divided by 18?
16
Calculate the remainder when 13489 is divided by 75.
64
What is the remainder when 4120086 is divided by 472?
470
Calculate the remainder when 458 is divided by 356.
102
Calculate the remainder when 13206 is divided by 32.
22
Calculate the remainder when 1230147 is divided by 139.
136
What is the remainder when 19196 is divided by 16?
12
Calculate the remainder when 2910 is divided by 153.
3
What is the remainder when 2782367 is divided by 96?
95
Calculate the remainder when 16553 is divided by 879.
731
Calculate the remainder when 12452 is divided by 76.
64
Calculate the remainder when 184949 is divided by 274.
273
What is the remainder when 653436 is divided by 326710?
16
Calculate the remainder when 4412 is divided by 396.
56
What is the remainder when 2685 is divided by 58?
17
What is the remainder when 84055 is divided by 8?
7
What is the remainder when 968 is divided by 471?
26
What is the remainder when 1304537 is divided by 20?
17
Calculate the remainder when 2670 is divided by 92.
2
Calculate the remainder when 5830 is divided by 277.
13
What is the remainder when 872 is divided by 774?
98
What is the remainder when 74294 is divided by 16?
6
Calculate the remainder when 275638 is divided by 1116.
1102
What is the remainder when 100767 is divided by 16?
15
What is the remainder when 255049 is divided by 17?
15
What is the remainder when 8279 is divided by 2747?
38
Calculate the remainder when 297263 is divided by 12.
11
Calculate the remainder when 557510 is divided by 11.
8
What is the remainder when 214871 is divided by 123?
113
What is the remainder when 11635 is divided by 283?
32
What is the remainder when 65657 is divided by 3453?
50
Calculate the remainder when 175871 is divided by 58589.
104
Calculate the remainder when 1742 is divided by 570.
32
Calculate the remainder when 344 is divided by 62.
34
What is the remainder when 4454 is divided by 5?
4
What is the remainder when 24734 is divided by 13?
8
What is the remainder when 160152 is divided by 3?
0
Calculate the remainder when 3548 is divided by 42.
20
Calculate the remainder when 1132 is divided by 146.
110
What is the remainder when 1582 is divided by 43?
34
What is the remainder when 14397 is divided by 3571?
113
What is the remainder when 14303 is divided by 14266?
37
Calculate the remainder when 5140 is divided by 321.
4
Calculate the remainder when 124872 is divided by 811.
789
What is the remainder when 14364 is divided by 359?
4
Calculate the remainder when 1857 is divided by 63.
30
Calculate the remainder when 10357 is divided by 5157.
43
Calculate the remainder when 352436 is divided by 360.
356
Calculate the remainder when 16460 is divided by 1828.
8
Calculate the remainder when 5639 is divided by 1876.
11
What is the remainder when 34669 is divided by 116?
101
What is the remainder when 8013 is divided by 3884?
245
What is the remainder when 176468 is divided by 258?
254
What is the remainder when 262350 is divided by 3858?
6
Calculate the remainder when 4546041 is divided by 486.
483
What is the remainder when 112105 is divided by 61?
48
Calculate the remainder when 309070 is divided by 195.
190
What is the remainder when 6148 is divided by 330?
208
Calculate the remainder when 344396 is divided by 82.
78
What is the remainder when 16592 is divided by 16559?
33
What is the remainder when 2023 is divided by 11?
10
Calculate the remainder when 57248 is divided by 50.
48
What is the remainder when 1320 is divided by 1288?
32
What is the remainder when 68444 is divided by 320?
284
What is the remainder when 637 is divided by 35?
7
Calculate the remainder when 20524 is divided by 174.
166
Calculate the remainder when 3023 is divided by 274.
9
What is the remainder when 20822 is divided by 905?
7
What is the remainder when 12718 is divided by 40?
38
What is the remainder when 102058 is divided by 34019?
1
Calculate the remainder when 94355 is divided by 3629.
1
What is the remainder when 22967 is divided by 103?
101
Calculate the remainder when 2015 is divided by 636.
107
Calculate the remainder when 3351 is divided by 1118.
1115
What is the remainder when 35000 is divided by 686?
14
Calculate the remainder when 417134 is divided by 7.
4
What is the remainder when 649 is divided by 7?
5
What is the remainder when 19194 is divided by 904?
210
What is the remainder when 17135 is divided by 38?
35
Calculate the remainder when 4727 is divided by 4726.
1
Calculate the remainder when 27189 is divided by 152.
133
What is the remainder when 120558 is divided by 855?
3
What is the remainder when 15284 is divided by 306?
290
What is the remainder when 12549 is divided by 37?
6
What is the remainder when 354378 is divided by 23?
17
Calculate the remainder when 9417 is divided by 12.
9
Calculate the remainder when 29353 is divided by 29324.
29
What is the remainder when 115712 is divided by 94?
92
Calculate the remainder when 134217 is divided by 175.
167
Calculate the remainder when 1421 is divided by 289.
265
Calculate the remainder when 947248 is divided by 497.
463
What is the remainder when 4371 is divided by 201?
150
Calculate the remainder when 43535 is divided by 430.
105
Calculate the remainder when 1364 is divided by 431.
71
What is the remainder when 489 is divided by 85?
64
Calculate the remainder when 15888 is divided by 318.
306
What is the remainder when 43007 is divided by 72?
23
What is the remainder when 21397 is divided by 8?
5
Calculate the remainder when 75793 is divided by 18945.
13
What is the remainder when 1975 is divided by 145?
90
Calculate the remainder when 4148 is divided by 84.
32
Calculate the remainder when 6417 is divided by 6243.
174
What is the remainder when 2011 is divided by 517?
460
What is the remainder when 40096 is divided by 238?
112
Calculate the remainder when 21585 is divided by 251.
250
Calculate the remainder when 101467 is divided by 9224.
3
Calculate the remainder when 139905 is divided by 36.
9
What is the remainder when 13734 is divided by 36?
18
What is the remainder when 3677 is divided by 1762?
153
Calculate the remainder when 101231 is divided by 37.
36
What is the remainder when 8120 is divided by 735?
35
What is the remainder when 138864 is divided by 143?
11
Calculate the remainder when 2666 is divided by 19.
6
Calculate the remainder when 11864 is divided by 16.
8
What is the remainder when 230985 is divided by 252?
153
Calculate the remainder when 6146 is divided by 1011.
80
Calc